actors of q(p).
293
Suppose -3*g - 94533 = n - 5*n, 0 = -4*n - 5*g + 94541. Let t = 15895 - 15899. List the prime factors of t/6*n/(-52).
3, 101
Let j(i) = i**3 - 8*i**2 - 5*i - 18. Suppose 0 = p + 2*s - 9, 4*p - s = 31 + 23. What are the prime factors of j(p)?
2, 3, 127
Let v be (0 - -846)/((-158)/869). Let x = -3170 - v. List the prime factors of x.
1483
Suppose -345520 = -44*t + 242161 - 34865. List the prime factors of t.
2, 3, 349
Let f = -8206 + 14162. What are the prime factors of f?
2, 1489
Suppose -254003 = -78*j + 333961. What are the prime factors of j?
2, 3769
Suppose -2*m = -5078 - 923 - 6909. List the prime factors of m.
5, 1291
Let t(k) = 11*k**2 - 79*k - 34. Let j be t(33). Suppose -j = -74*c + 45*c. What are the prime factors of c?
2, 7, 23
Suppose -220*y + 208*y = -273084. What are the prime factors of y?
7, 3251
Let o(p) = 377*p**3 + p**2 + 13*p - 81. What are the prime factors of o(4)?
5, 7, 13, 53
Let j(n) = 5*n - 26. Let d be j(6). Suppose 0*k - 1700 = -3*t + 2*k, 2*t = -d*k + 1160. Suppose 0 = 9*a - 3*a - t. List the prime factors of a.
5, 19
Suppose 2*k - 34280 = 2*a, -4*k + 73203 - 4633 = -9*a. List the prime factors of k.
2, 11, 19, 41
Suppose 114656 + 816694 = -46*v + 116*v. List the prime factors of v.
3, 5, 887
Suppose 47*t + 2*v = 52*t - 23, v - 11 = -5*t. Suppose t*p = -3*l + 468, -16*p + 300 = 2*l - 11*p. What are the prime factors of l?
2, 5
Suppose 291*i - 294*i = -m - 44165, 0 = -5*i - 5*m + 73595. List the prime factors of i.
3, 7, 701
Suppose -10*f = -4*f - 120. What are the prime factors of 17 + (-16)/(f/5)?
13
Suppose -3*v + 0*d - 398 = d, 4*v = -5*d - 549. Let m = 228 - v. Suppose -5*c + 0*b + 450 = b, -4*c - b + m = 0. What are the prime factors of c?
7, 13
List the prime factors of (-3*4/24*-20596 - 4) + -1.
3, 47, 73
Let z = 25 - 48. Let f = z - 21. Let w = f + 57. List the prime factors of w.
13
Let a be 3/(-8)*-6*80/60. Suppose -4*l = -3*f - 2*f + 530, -a*l + 291 = 3*f. List the prime factors of f.
2, 3, 17
Suppose 295*z - 2899314 = 97*z. List the prime factors of z.
3, 1627
Suppose 0 = -3*c - 5*c - 3*c. Let u(d) be the second derivative of -d**5/20 - d**3/6 + 12*d**2 + d. List the prime factors of u(c).
2, 3
Let k = -286 + 1723. What are the prime factors of k?
3, 479
Let v(n) = -38*n - 109. Let j(u) = -4*u. Let a(z) = -4*j(z) + v(z). What are the prime factors of a(-6)?
23
Let q = -7675 + 11827. Suppose -q = -14*r + 6*r. What are the prime factors of r?
3, 173
Let l be (5504/18 - (-8)/36) + -4. Let b = l + -197. What are the prime factors of b?
3, 5, 7
Suppose -19*p - a + 101886 = -17*p, p = -2*a + 50949. What are the prime factors of p?
11, 421
Let z = -133 - -136. Suppose 4*n + z*i = -0*i + 468, 0 = i. What are the prime factors of n?
3, 13
Let r(u) = 15*u - 115. Let d be r(15). Suppose -114*j + d*j = -2912. List the prime factors of j.
2, 7, 13
Let m(y) = -118*y - 143. Let v be -12*21/14 + 6. List the prime factors of m(v).
19, 67
Suppose 3*q - 8460 = -2*q. Suppose 258*g = 223*g + 595. Suppose 0 = -g*w + 8*w + q. What are the prime factors of w?
2, 47
Let h(q) = 9*q**2 + 2*q + 16. Let m be h(-6). Let v = 610 - m. Suppose 3*i = -3*c + v, -4*c - 2*i = -4*i - 406. What are the prime factors of c?
3, 11
Let l(s) = 3*s**2 - 15*s + 12. Let q be l(4). Suppose q = -4*u - 4*t + 4092, -2*u + 8*t + 2049 = 7*t. What are the prime factors of u?
2
Let r(f) = 2*f**3 + 13*f**2 - 7*f + 16. Let z be r(-7). What are the prime factors of (13/((-104)/z))/(1/(-38))?
2, 19
Let j = 42 - 56. Let y be 1/2 + (-763)/j. Let f = -53 + y. List the prime factors of f.
2
Let o(m) = 2 + 3*m - 7*m + 3*m**2 + 3*m + m**3 + 4*m. Let c be o(-2). Suppose c = 7*i - 59 - 11. What are the prime factors of i?
2, 5
What are the prime factors of ((-32)/(-10) - 12/60) + 1073?
2, 269
Let c(k) = -k**3 - 2*k**2 - k + 2990. Let h be c(0). Suppose 19*s - 29*s = -h. List the prime factors of s.
13, 23
Let i = 23626 - 14197. What are the prime factors of i?
3, 7, 449
Let j(n) = -2094*n + 108. List the prime factors of j(-27).
2, 3, 1049
Suppose -277*t + 18951624 = -36*t + 7422666. What are the prime factors of t?
2, 3, 7, 17, 67
Let w(d) = 594*d**2 - 24 + 23 + 714*d**2 + d. List the prime factors of w(1).
2, 3, 109
Let q(j) = -7*j**2 - 14*j - 31. Let r be q(-31). List the prime factors of 6*(r/32)/(18/(-24)).
3, 17, 31
Suppose 3*p = 2*z + 22263, p = z - 1112 + 8533. What are the prime factors of p?
41, 181
Suppose -260*d + 267*d = -11473. Let n = 2347 + d. What are the prime factors of n?
2, 3, 59
Let m be 2*(-7 - 36/(-6)). What are the prime factors of 1662*m/(-8)*8/12?
277
Suppose -24 = -4*f + 2*g - 5*g, 5*f = 4*g - 1. Suppose 25*m + 19*m = 440. Suppose f*u = m*u - 553. List the prime factors of u.
79
Suppose 139*l = 176*l - 2042400. What are the prime factors of l?
2, 3, 5, 23
Suppose 2*o = -8, g - 12 = -o - 1. Let w(v) = 12*v - 22*v + 2 + g*v. What are the prime factors of w(5)?
3
Let h be (-2)/4*(-3 - -3). Suppose -3*n - 3*a + 24 = 0, h = -a - 1 + 5. List the prime factors of (2 - 3) + n*-36*-1.
11, 13
Let k(d) be the first derivative of 10*d**2 + 306*d + 82. List the prime factors of k(38).
2, 13, 41
Suppose 1 = k + 4. Let r be 3 + (-2 + 1)*k + -2. Suppose 49 = r*q + 3*w, -5*w = q - 0*q - 25. What are the prime factors of q?
2, 5
Suppose 0 = -y + 4*y + 330. Let d = 674 + -494. Let j = d + y. List the prime factors of j.
2, 5, 7
Suppose 5*r - 5*t = 63628 - 1568, 2*t = -3*r + 37246. What are the prime factors of r?
2, 3, 2069
Let r be 4 + ((-22)/55 - (-42)/5). Suppose -10811 - 11761 = -r*w. What are the prime factors of w?
3, 11, 19
Let b(c) = -c + 52. Let g be b(-9). Let d = g - -611. Suppose 6*a + d = 14*a. List the prime factors of a.
2, 3, 7
Let t(u) = 148*u**2 + 158*u + 10. List the prime factors of t(6).
2, 7, 449
List the prime factors of -8 + 17185 + -4 - 19.
2, 3, 953
Let p(k) = 2*k - 8 - 6 + 47*k - 42. List the prime factors of p(9).
5, 7, 11
Let n be 3270/75*(10 - 0). Let v = -124 + n. List the prime factors of v.
2, 3, 13
Let r(j) = -j**2 + 7*j + 9. Let h be r(8). Let c be (((-2)/6)/h)/((-9)/5238). Let m = c + -109. List the prime factors of m.
5, 17
Suppose -5913 = -279*t + 278*t - 5*u, -3*u = -5*t + 29481. What are the prime factors of t?
2, 3, 983
Suppose 0 = -21*i + 1512900 - 411748 + 485062. List the prime factors of i.
2, 3, 12589
Let q(b) = -2388*b - 10632. List the prime factors of q(-10).
2, 3, 23
Let g(a) = 73*a + 2115. List the prime factors of g(31).
2, 11, 199
Let h(q) = 3*q**2 - 13*q + 6. Let d be h(4). Let t be 116 + (1 - 3*2/d). Suppose 2*o - t = -4*w, -213 = -4*o - w - 4*w. List the prime factors of o.
47
Let x(h) = -536*h**2 + 20*h + 2*h + 8 + 9 + 649*h**2. List the prime factors of x(-3).
2, 11
Let c(r) = 193*r - 904. List the prime factors of c(41).
43, 163
Let p = 774 + -774. Suppose -38*a + 41*a - 513 = p. What are the prime factors of a?
3, 19
Suppose -i = -60 - 62. Suppose 0 = 2*t + 5*m - i, -2*m - 76 = -t + 3*m. Suppose -t = -p + 79. List the prime factors of p.
5, 29
List the prime factors of (-2)/((-30)/6945)*7.
7, 463
Let k(p) = 41*p**2 + 19*p - 4. Suppose -3*j + y = -6*j + 16, 4*y - 20 = -j. What are the prime factors of k(j)?
2, 7, 13
Suppose 2*n - 2*p = 3104, 2*n + 3*p - 3110 = 2*p. Suppose 8*d + n = 14*d. Suppose 0 = 3*g - 2*l - 158, -5*g + 4*l + d = -5. List the prime factors of g.
2, 13
Suppose -2*f - 498 = -4*i, -3*f - 3*i = -7*f - 1006. Let x = f - -255. List the prime factors of x.
2
Let w(v) = -3*v**2 + 2*v - 2 + 85*v + 53 - 2*v. List the prime factors of w(26).
233
Suppose 0 = -29*z + 32*z - 18. Suppose m - 5*g = -3, 0*m + 4*g - z = -m. Let t = m + 4. What are the prime factors of t?
2, 3
List the prime factors of -5 + -15 + 3453 + 0.
3433
Let z(i) = -3*i**2 - 85*i - 25. Let r be z(-28). Suppose -3*a + 4416 = r*a. What are the prime factors of a?
2, 23
List the prime factors of 4 - (-1 - 11 - -2 - 1403).
13, 109
Let g = -9735 + 14807. What are the prime factors of g?
2, 317
Let c(r) be the first derivative of -r**4/4 - 8*r**3/3 + 17*r**2/2 - 19*r + 15. Let t be c(-10). What are the prime factors of 2026/11 + (-2)/t?
2, 23
Suppose -q + 3937 + 3531 = -4*u, -3*q = -u - 22415. List the prime factors of q.
2, 467
Suppose -50*n + 55*n - 30833 = 4*q, 0 = -5*n + 2*q + 30839. List the prime factor